4
Suppose -2*y - 3*b = -332 - 1, 3*y - 5*b = 452. Let c = 905 - y. What is the tens digit of c?
4
Suppose -z = 4*z - 5*s - 160, -5*s = -2*z + 79. Let g(b) = 60*b + 302. What is the units digit of g(z)?
2
Let t(j) = -j + 35. Let x(n) = -n**3 - 8*n**2 - 14. Let b(v) = 6*v**3 - 4*v**2 - 3*v - 1. Let m be b(-1). Let w be x(m). What is the tens digit of t(w)?
4
Suppose -24*s = -26*s. Suppose s = 8*r - 3*r - 3185. What is the units digit of r?
7
What is the units digit of -2 - 15/(-6) - 687145/(-106)?
3
Suppose -r - 5*s = -22, -62 = -2*r - 171*s + 170*s. Suppose 3*g = 2*g + 37. Let i = g - r. What is the units digit of i?
5
Let y be 1*128/(-22) - 292/1606. What is the tens digit of y/24 + ((-1834)/8)/(-1)?
2
What is the units digit of (-1)/(-10) + 10 + 139614/60 + 2?
9
Let c = -4359 + 7814. What is the tens digit of c?
5
Suppose g - 5*t - 23991 = 18717, 3*t = 5*g - 213650. What is the tens digit of g?
3
Suppose -x = -0*x - 9. Suppose -x = -p - 5. Suppose -5*s + p*w + 405 = 0, 3*s + s + w = 324. What is the tens digit of s?
8
Let z(r) = 7*r**2 - 3*r + 2. Let v be z(1). Let w be (-4)/(-10)*(v + -1). Suppose 2*l - 16 = 3*p + 7, -41 = -3*l - w*p. What is the units digit of l?
3
Suppose 31*w + 15 = 32*w. Suppose 2*q = -4, 675 = 3*l - 18*q + w*q. What is the units digit of l?
3
What is the thousands digit of (-4)/10 + (-441467)/(-35) + 56/980?
2
Suppose -f = -3*m + 6 - 3, 0 = f - m - 1. Suppose 3*q - 2*q + 2*w - f = 0, 2*w = -3*q + 9. Suppose 6*v + q*v - 1494 = 0. What is the units digit of v?
6
Let i(h) = 5677*h**3 - 3*h**2 + 4*h - 3. What is the thousands digit of i(1)?
5
What is the tens digit of (-1)/((-1)/(399 + 6 + -8))?
9
Suppose -b + 11962 = -370*q + 372*q, 0 = b - 5*q - 12018. What is the ten thousands digit of b?
1
Let g(h) = 88*h**3 - h**2 + 4*h - 4. Let v(p) = 29 - 101*p + 48*p + 51*p. Let o be v(14). What is the tens digit of g(o)?
8
Suppose 0 = 3*w + 4*y - 64463 + 15957, -5*y - 16156 = -w. What is the tens digit of w?
6
Suppose 3*h = k + 11482, 0 = 3*h - 3*k - 9396 - 2082. What is the thousands digit of h?
3
Let u(m) = -16*m**3 - 5*m**2 - 44*m - 129. What is the ten thousands digit of u(-9)?
1
Suppose 2*y - 8072 = 7*b - 5*b, 3*b = 15. What is the tens digit of y?
4
What is the hundreds digit of 8774 + ((-27)/6)/((-180)/240)?
7
Let u(z) = 2*z - 22 - 16 + 26. Let f be u(5). What is the units digit of 125 + f + 0 - (13 + -16)?
6
Suppose -2*p + 4*p = -40. Let d(l) = l**3 + 19*l**2 - 22*l - 37. Let g be d(p). Suppose b - 2*z - 172 = z, g*z - 932 = -5*b. What is the units digit of b?
4
Suppose -5*g + d + d + 18 = 0, d + 12 = 4*g. What is the hundreds digit of 15/(-15)*(-265 + g/1)?
2
Suppose 0 = -j - 3*w + 28, 2*j + j - 51 = 2*w. Suppose -j*h + 4988 = -15*h. What is the thousands digit of h?
1
Suppose 14*q - 13*q - 69 = 0. Let i = 72 - q. Suppose g - 5*k = -i*g + 519, -624 = -5*g - 2*k. What is the units digit of g?
6
Let z(l) = l**2 + 6*l - 16. Let q be z(-8). Suppose q = -g - 66 + 511. What is the tens digit of g?
4
Suppose -346*w - 8 = -348*w. What is the tens digit of 3094/6 - w*(-4)/48?
1
Suppose 30*h = 58 + 92. Let n = -3 - -5. Suppose 6*i + n*x - h = i, 20 = -4*x. What is the units digit of i?
3
Let k(p) = 2*p**3 + 57*p**2 + 79*p - 42. Let w be k(-27). Let o be (0 - (-4)/(-6))*-18. Let y = o + w. What is the tens digit of y?
2
Suppose -10119 = -b + r, -2*b + r + 4496 = -15735. What is the tens digit of b?
1
Suppose 0 = -12*v - 2*v. Suppose -3*r + v*r = 5*j - 232, j + 271 = 4*r. What is the tens digit of r?
6
Suppose -3*v - 2*v = 25, 2*v = -3*a + 347. Suppose -1269 = -5*i - a. What is the units digit of i?
0
Suppose 8134 = 28*v - 5838. Let x = v - 432. What is the tens digit of x?
6
Let p be 4/(-12) - (-6)/(-9)*37. What is the units digit of 20/p + 7059*(-1)/(-5)?
1
Let t = -18 - 137. Let u be 2/(-12) + 1/((-30)/t). Suppose -v = 3*b - 146, -2*v - u*b = -2*b - 298. What is the tens digit of v?
5
Let x(h) = 5*h - 63. Let w be x(13). Suppose 5*l - r = 2, -3*l = -5*l - w*r - 4. Suppose n - 3*p - 153 = l, 5*p = -n - 3*n + 680. What is the tens digit of n?
6
Let l(v) = 53*v + 2. Let t(b) = -52*b - 1. Let s(x) = 4*l(x) + 3*t(x). Let y be s(1). Let r = y + 64. What is the tens digit of r?
2
Suppose -7*m + 166449 = -4*x, -16922 = -2*m + x + 30634. What is the units digit of m?
5
Let n(u) = -12*u + 212. Let p be n(17). What is the tens digit of (p/(-6))/(2/(-945))?
3
Let m(h) = 5*h**2 + 57*h + 11. Let q(d) = -5*d**2 - 58*d - 11. Let k(n) = 5*m(n) + 4*q(n). What is the tens digit of k(-11)?
3
What is the tens digit of (-260)/16*(-296)/(-20)*(-266)/7?
3
Let n = 180 - 178. Let y(i) = 3*i**2 + 8*i - 18. What is the tens digit of y(n)?
1
Let a be (12/5)/(156/260). Suppose -3*p - 2 = j - 5, -p + 15 = 5*j. Suppose -5*n - q + 387 + 54 = p, a*q = n - 84. What is the units digit of n?
8
Suppose 0 = -35*b + 23*b - 1680. Let l(y) = -3*y**2 - 2*y + 1. Let i be l(-6). Let q = i - b. What is the tens digit of q?
4
Let i = -278 - -283. What is the units digit of 10*(i + 4/16*118)?
5
Let u(k) = 1865*k**2 - 33*k + 3. What is the thousands digit of u(2)?
7
Let z = -1527 - -869. Let d = 978 + z. What is the units digit of d?
0
Let n(t) = t**3 - 7*t**2 + 9*t + 2. Let m be n(6). What is the units digit of -18*18/(-1)*35/m?
7
Let q(w) = 123*w**2 - 15*w - 48. What is the ten thousands digit of q(10)?
1
Suppose -140*w + 2420121 = -19*w - 165044. What is the ten thousands digit of w?
2
Let g = 27 - -5. Let p = -2036 + 2024. Let o = g + p. What is the tens digit of o?
2
Suppose 70 = -30*d + 40*d. Suppose -d*f = r - 11*f - 544, 0 = r + 4*f - 520. What is the hundreds digit of r?
5
Suppose -155*o + 471276 = -137*o. What is the thousands digit of o?
6
Let f(d) = d**3 - 11*d**2 + 15*d - 10. Let n be (4 - 3)*(3 - (3 - 4)). Suppose n*g - 41 = -1. What is the units digit of f(g)?
0
Suppose 2*k - k = -5*w - 22, 0 = 2*k + 5*w + 19. Suppose -3*g = 23*g - 6578. Suppose -g = -k*f + 101. What is the hundreds digit of f?
1
Suppose g = 3, 0 = 4*l + l + 4*g + 1203. Let m = 606 + l. What is the units digit of m?
3
Let i be (-3242)/(-4) + (36/8)/(-9). Suppose 0 = -3*c, 0*b = 2*b - c - i. What is the units digit of b?
5
Suppose -126*h + 1697103 = -562846 + 400819. What is the units digit of h?
5
Let m = -5811 + 18311. What is the units digit of m?
0
Suppose 2*c + 443 = 3*o, 7*c = 5*o + 2*c - 730. Let r = o + -77. Let t = r - 3. What is the tens digit of t?
7
Let v = 399 - -192. Let j = -342 + v. What is the tens digit of j?
4
Let y(x) be the third derivative of -x**4/12 - x**3 + 18*x**2. Let d be y(-7). What is the units digit of (d/(-3) - -3)/(1/111)?
7
Suppose -3*i - 4*n = -7 - 132, 5*i - 2*n = 197. Let u = 663 + i. What is the tens digit of u?
0
Let p(v) = 33*v**3 - 3*v**2 - 22*v + 3. What is the tens digit of p(5)?
4
Suppose -12 = -2*y - y, 0 = -n - 4*y - 115. Let s = n + 406. Let o = s - 118. What is the units digit of o?
7
Let a(v) = 1517*v**3 + 101*v - 202. What is the thousands digit of a(2)?
2
Let o(g) be the third derivative of 5*g**5/12 - g**4/12 - g**3 - g**2. Suppose -2*i + 6 = 2*y, 3*i - 33 = -4*y - 21. What is the hundreds digit of o(y)?
2
Let o be ((-4)/10)/(420/25 + -17). Let v be 63 - (2 - 2) - 2. Suppose v = m + o*b, 3*m - 177 = -b + 21. What is the tens digit of m?
6
Suppose 0 = 3*p + 4*c - 35684, -2*p + 3*c - 8*c = -23801. What is the thousands digit of p?
1
Suppose 7*i + 75 = 61. What is the hundreds digit of i/((-8)/(-2656)*-2)?
3
Let o(w) = 2942*w**2 - 20*w + 20. What is the hundreds digit of o(1)?
9
Let k(x) = 3*x**3 - 22*x**2 + 3*x - 12. Let j be (-28 + 25)/(3/(-10)). What is the tens digit of k(j)?
1
Let x(w) = -9*w - 661. What is the hundreds digit of x(-101)?
2
Let b(c) = -118*c - 118. Let y = 305 + -308. What is the hundreds digit of b(y)?
2
Suppose 3*v + j - 203 = 0, 3*j - 94 = -2*v + 53. Suppose 0 = 71*g - v*g - 10. Suppose 0 = -g*b - 3*q + 105, 2*b = 5*q - q + 140. What is the tens digit of b?
6
Let f(j) = -563 + 31*j + 504 + 8*j. What is the thousands digit of f(37)?
1
Let t(o) = -693*o - 9. Let x be t(-1). Suppose -3*j - 2*d = 2*j - 1154, -3*j = -3*d - x. What is the hundreds digit of j?
2
Let k(u) = 101*u - 94*u + 1 - u**3 + 7*u**2 + 10. Let f be k(8). Suppose -f*c = -95 - 292. What is the hundreds digit of c?
1
Let l be 0 + 8*9/12. Suppose -l*x + 137 = 17